n divisor of 89953 and 1219?
23
What is the highest common factor of 36708 and 2254?
322
What is the highest common factor of 754 and 58145?
29
What is the greatest common factor of 1440 and 1620?
180
Calculate the greatest common factor of 131612 and 52.
52
What is the greatest common factor of 4070 and 352?
22
What is the greatest common factor of 2869 and 8170?
19
What is the greatest common divisor of 8854 and 43966?
38
Calculate the greatest common factor of 15 and 15900.
15
Calculate the greatest common divisor of 684 and 7486.
38
What is the greatest common divisor of 1195 and 95?
5
What is the greatest common divisor of 140 and 2467010?
70
What is the greatest common factor of 240 and 15930?
30
Calculate the highest common divisor of 5481 and 28623.
609
What is the highest common divisor of 25080 and 11780?
380
Calculate the greatest common factor of 287663 and 1658.
829
Calculate the greatest common factor of 437445 and 15.
15
What is the greatest common factor of 42 and 1848?
42
Calculate the greatest common divisor of 45634 and 6.
2
Calculate the greatest common factor of 1530 and 9270.
90
What is the greatest common factor of 7015 and 24035?
115
What is the greatest common divisor of 527 and 122357?
31
Calculate the highest common divisor of 269 and 550105.
269
What is the greatest common divisor of 750 and 11400?
150
Calculate the highest common divisor of 346704 and 32.
16
What is the greatest common divisor of 85490 and 25750?
1030
Calculate the highest common factor of 252 and 19044.
36
Calculate the highest common divisor of 7378 and 9690.
34
Calculate the greatest common factor of 74574 and 108.
54
What is the greatest common divisor of 972 and 528?
12
What is the greatest common divisor of 120656 and 48?
16
What is the greatest common factor of 4437 and 225?
9
Calculate the highest common factor of 18 and 7342182.
18
Calculate the highest common factor of 3411 and 101951.
379
Calculate the greatest common divisor of 6 and 346396.
2
Calculate the highest common divisor of 96 and 662136.
24
What is the highest common factor of 11716 and 2610?
58
Calculate the greatest common factor of 21801 and 23322.
507
What is the greatest common divisor of 48 and 5381328?
48
What is the highest common divisor of 12555 and 142560?
405
What is the greatest common factor of 65206 and 2?
2
Calculate the highest common factor of 91329 and 357.
21
Calculate the greatest common factor of 78 and 227946.
6
Calculate the greatest common divisor of 201883 and 22.
11
Calculate the highest common divisor of 15374181 and 1803.
1803
Calculate the highest common factor of 90 and 280940.
10
Calculate the greatest common divisor of 18 and 3114.
18
Calculate the greatest common divisor of 1602 and 516378.
534
What is the greatest common factor of 635450 and 1136?
142
What is the highest common divisor of 148871 and 656?
41
What is the greatest common factor of 3161 and 104204?
109
What is the greatest common factor of 221564 and 328?
164
What is the highest common factor of 917 and 2317?
7
Calculate the highest common factor of 50 and 3275950.
50
Calculate the greatest common divisor of 1015467 and 5124.
183
What is the highest common divisor of 19529 and 3641?
331
Calculate the greatest common divisor of 13775 and 81035.
95
Calculate the greatest common factor of 23052 and 15.
3
What is the greatest common factor of 111726 and 378?
54
What is the highest common divisor of 940 and 18220?
20
What is the greatest common factor of 242056 and 1896?
632
What is the highest common factor of 1600 and 2317600?
800
Calculate the highest common divisor of 456981 and 28.
7
Calculate the greatest common divisor of 368027 and 66.
11
What is the greatest common divisor of 549 and 305?
61
Calculate the greatest common divisor of 13029 and 18786.
303
Calculate the greatest common factor of 162 and 1211274.
162
What is the highest common factor of 361 and 1498150?
361
What is the greatest common factor of 684507 and 1203?
1203
What is the highest common factor of 14 and 3105564?
14
Calculate the greatest common factor of 96554 and 92.
46
What is the greatest common factor of 7112 and 4?
4
Calculate the greatest common factor of 9 and 2596959.
9
What is the greatest common factor of 180540 and 136?
68
Calculate the highest common factor of 420 and 10110.
30
Calculate the highest common factor of 7444591 and 1526.
763
What is the highest common factor of 2572 and 40?
4
Calculate the highest common factor of 10044 and 8100.
324
What is the highest common factor of 992 and 16740?
124
What is the greatest common divisor of 4194 and 11898?
18
Calculate the greatest common factor of 22 and 1348501.
11
What is the highest common divisor of 141225 and 2625?
525
What is the greatest common divisor of 5500 and 28028?
44
What is the greatest common divisor of 22760 and 72?
8
Calculate the highest common factor of 3014 and 858.
22
Calculate the greatest common factor of 1488 and 372.
372
What is the greatest common divisor of 8344 and 2044?
28
Calculate the highest common factor of 569292 and 96.
12
What is the highest common divisor of 20 and 5504?
4
What is the greatest common divisor of 10019 and 108112?
233
What is the highest common divisor of 887 and 4272679?
887
Calculate the greatest common factor of 24 and 11964.
12
Calculate the highest common divisor of 112580 and 520.
260
Calculate the highest common divisor of 3229116 and 88.
44
What is the highest common divisor of 21222 and 3668?
262
Calculate the greatest common factor of 21677 and 106.
53
What is the greatest common divisor of 3059 and 30268?
161
Calculate the highest common divisor of 429 and 727311.
39
Calculate the highest common divisor of 29698 and 713.
31
What is the highest common factor of 1281 and 38003?
427
Calculate the greatest common divisor of 642 and 3103.
107
What is the greatest common divisor of 296 and 1676?
4
Calculate the highest common divisor of 1170 and 19422.
234
What is the greatest common divisor of 10465 and 12285?
455
Calculate the greatest common divisor of 13756 and 143868.
76
Calculate the greatest common factor of 51888 and 3824.
16
What is the highest common factor of 650 and 5954?
26
Calculate the highest common divisor of 663 and 2128893.
663
What is the greatest common divisor of 12 and 86964?
12
What is the highest common factor of 169325 and 75?
25
What is the highest common factor of 1 and 9752?
1
What is the highest common divisor of 1131 and 17371?
29
Calculate the greatest common factor of 520 and 1670.
10
Calculate the highest common factor of 1000 and 7400.
200
Calculate the highest common divisor of 760 and 269895.
95
Calculate the greatest common divisor of 6606 and 42.
6
Calculate the highest common factor of 356 and 9612.
356
What is the highest common factor of 2058758 and 338?
338
What is the highest common factor of 15708 and 57288?
924
Calculate the greatest common factor of 475198 and 4346.
106
Calculate the greatest common divisor of 189 and 1174047.
21
What is the highest common divisor of 1800 and 10?
10
What is the highest common divisor of 14527 and 73?
73
Calculate the highest common factor of 5564 and 28.
4
What is the greatest common divisor of 1827 and 11319?
21
What is the highest common divisor of 7225 and 675?
25
Calculate the greatest common divisor of 122 and 2690.
2
Calculate the highest common factor of 1548 and 6516.
36
What is the greatest common divisor of 238 and 3542?
14
What is the highest common divisor of 4 and 54788?
4
Calculate the greatest common divisor of 44902 and 539.
11
Calculate the greatest common factor of 276 and 877749.
69
What is the greatest common divisor of 325 and 1339?
13
Calculate the greatest common factor of 107811 and 225.
9
What is the highest common divisor of 104744 and 16?
8
What is the highest common divisor of 3803451 and 579?
579
What is the greatest common divisor of 2295 and 1121490?
765
Calculate the highest common factor of 14796 and 63.
9
What is the greatest common factor of 138448 and 136?
136
What is the greatest common factor of 46 and 17158?
46
Calculate the greatest common factor of 26971 and 7.
7
What is the greatest common factor of 2442 and 9988?
22
What is the highest common divisor of 27 and 20